{"id":212,"date":"2025-09-05T13:47:13","date_gmt":"2025-09-05T11:47:13","guid":{"rendered":"https:\/\/asso-detours91.fr\/?page_id=212"},"modified":"2025-09-05T13:47:14","modified_gmt":"2025-09-05T11:47:14","slug":"qui-sommes-nous","status":"publish","type":"page","link":"https:\/\/asso-detours91.fr\/index.php\/qui-sommes-nous\/","title":{"rendered":"Qui sommes-nous?"},"content":{"rendered":"\n<p><em>L&rsquo;association D\u00e9tours a \u00e9t\u00e9 cr\u00e9\u00e9e en 2013, \u00e0 l&rsquo;initiative de parents d&rsquo;enfants atteints d&rsquo;autisme r\u00e9sidant dans la ville des Ulis et alentours.<\/em><\/p>\n\n\n\n<p><em>D\u00e9tours participe \u00e0 des activit\u00e9s de sensibilisation au handicap et propose des activit\u00e9s et sorties aux personnes avec autisme tout en incluant des personnes sans autisme dans un but d\u2019\u00e9change, de progr\u00e8s social et de soutien \u00e0 la parentalit\u00e9. Le parrainage du GEM t\u00e9moigne de sa volont\u00e9 de favoriser l\u2019autod\u00e9termination des personnes.<\/em><\/p>\n\n\n\n<p><\/p>\n","protected":false},"excerpt":{"rendered":"<p>L&rsquo;association D\u00e9tours a \u00e9t\u00e9 cr\u00e9\u00e9e en 2013, \u00e0 l&rsquo;initiative de parents d&rsquo;enfants atteints d&rsquo;autisme r\u00e9sidant dans la ville des Ulis et alentours. D\u00e9tours participe \u00e0 des activit\u00e9s de sensibilisation au handicap et propose des activit\u00e9s et sorties aux personnes avec autisme tout en incluant des personnes sans autisme dans un but d\u2019\u00e9change, de progr\u00e8s social [&hellip;]<\/p>\n","protected":false},"author":3,"featured_media":0,"parent":0,"menu_order":0,"comment_status":"closed","ping_status":"closed","template":"","meta":{"jetpack_post_was_ever_published":false,"footnotes":""},"class_list":["post-212","page","type-page","status-publish","hentry"],"yoast_head":"<!-- This site is optimized with the Yoast SEO plugin v27.4 - https:\/\/yoast.com\/product\/yoast-seo-wordpress\/ -->\n<title>Qui sommes-nous? -<\/title>\n<meta name=\"robots\" content=\"index, follow, max-snippet:-1, max-image-preview:large, max-video-preview:-1\" \/>\n<link rel=\"canonical\" href=\"https:\/\/asso-detours91.fr\/index.php\/qui-sommes-nous\/\" \/>\n<meta property=\"og:locale\" content=\"fr_FR\" \/>\n<meta property=\"og:type\" content=\"article\" \/>\n<meta property=\"og:title\" content=\"Qui sommes-nous? -\" \/>\n<meta property=\"og:description\" content=\"L&rsquo;association D\u00e9tours a \u00e9t\u00e9 cr\u00e9\u00e9e en 2013, \u00e0 l&rsquo;initiative de parents d&rsquo;enfants atteints d&rsquo;autisme r\u00e9sidant dans la ville des Ulis et alentours. D\u00e9tours participe \u00e0 des activit\u00e9s de sensibilisation au handicap et propose des activit\u00e9s et sorties aux personnes avec autisme tout en incluant des personnes sans autisme dans un but d\u2019\u00e9change, de progr\u00e8s social [&hellip;]\" \/>\n<meta property=\"og:url\" content=\"https:\/\/asso-detours91.fr\/index.php\/qui-sommes-nous\/\" \/>\n<meta property=\"article:publisher\" content=\"https:\/\/www.facebook.com\/detours91\" \/>\n<meta property=\"article:modified_time\" content=\"2025-09-05T11:47:14+00:00\" \/>\n<meta name=\"twitter:card\" content=\"summary_large_image\" \/>\n<meta name=\"twitter:label1\" content=\"Dur\u00e9e de lecture estim\u00e9e\" \/>\n\t<meta name=\"twitter:data1\" content=\"1 minute\" \/>\n<script type=\"application\/ld+json\" class=\"yoast-schema-graph\">{\"@context\":\"https:\\\/\\\/schema.org\",\"@graph\":[{\"@type\":\"WebPage\",\"@id\":\"https:\\\/\\\/asso-detours91.fr\\\/index.php\\\/qui-sommes-nous\\\/\",\"url\":\"https:\\\/\\\/asso-detours91.fr\\\/index.php\\\/qui-sommes-nous\\\/\",\"name\":\"Qui sommes-nous? -\",\"isPartOf\":{\"@id\":\"https:\\\/\\\/asso-detours91.fr\\\/#website\"},\"datePublished\":\"2025-09-05T11:47:13+00:00\",\"dateModified\":\"2025-09-05T11:47:14+00:00\",\"breadcrumb\":{\"@id\":\"https:\\\/\\\/asso-detours91.fr\\\/index.php\\\/qui-sommes-nous\\\/#breadcrumb\"},\"inLanguage\":\"fr-FR\",\"potentialAction\":[{\"@type\":\"ReadAction\",\"target\":[\"https:\\\/\\\/asso-detours91.fr\\\/index.php\\\/qui-sommes-nous\\\/\"]}]},{\"@type\":\"BreadcrumbList\",\"@id\":\"https:\\\/\\\/asso-detours91.fr\\\/index.php\\\/qui-sommes-nous\\\/#breadcrumb\",\"itemListElement\":[{\"@type\":\"ListItem\",\"position\":1,\"name\":\"Accueil\",\"item\":\"https:\\\/\\\/asso-detours91.fr\\\/\"},{\"@type\":\"ListItem\",\"position\":2,\"name\":\"Qui sommes-nous?\"}]},{\"@type\":\"WebSite\",\"@id\":\"https:\\\/\\\/asso-detours91.fr\\\/#website\",\"url\":\"https:\\\/\\\/asso-detours91.fr\\\/\",\"name\":\"Association D\u00e9tours\",\"description\":\"Faire des d\u00e9tours, changer de regard ...\",\"publisher\":{\"@id\":\"https:\\\/\\\/asso-detours91.fr\\\/#organization\"},\"inLanguage\":\"fr-FR\"},{\"@type\":\"Organization\",\"@id\":\"https:\\\/\\\/asso-detours91.fr\\\/#organization\",\"name\":\"Association D\u00e9tours\",\"url\":\"https:\\\/\\\/asso-detours91.fr\\\/\",\"logo\":{\"@type\":\"ImageObject\",\"inLanguage\":\"fr-FR\",\"@id\":\"https:\\\/\\\/asso-detours91.fr\\\/#\\\/schema\\\/logo\\\/image\\\/\",\"url\":\"https:\\\/\\\/asso-detours91.fr\\\/wp-content\\\/uploads\\\/2025\\\/10\\\/cropped-kids-5741934_960_720.png\",\"contentUrl\":\"https:\\\/\\\/asso-detours91.fr\\\/wp-content\\\/uploads\\\/2025\\\/10\\\/cropped-kids-5741934_960_720.png\",\"width\":956,\"height\":580,\"caption\":\"Association D\u00e9tours\"},\"image\":{\"@id\":\"https:\\\/\\\/asso-detours91.fr\\\/#\\\/schema\\\/logo\\\/image\\\/\"},\"sameAs\":[\"https:\\\/\\\/www.facebook.com\\\/detours91\"]}]}<\/script>\n<!-- \/ Yoast SEO plugin. -->","yoast_head_json":{"title":"Qui sommes-nous? -","robots":{"index":"index","follow":"follow","max-snippet":"max-snippet:-1","max-image-preview":"max-image-preview:large","max-video-preview":"max-video-preview:-1"},"canonical":"https:\/\/asso-detours91.fr\/index.php\/qui-sommes-nous\/","og_locale":"fr_FR","og_type":"article","og_title":"Qui sommes-nous? -","og_description":"L&rsquo;association D\u00e9tours a \u00e9t\u00e9 cr\u00e9\u00e9e en 2013, \u00e0 l&rsquo;initiative de parents d&rsquo;enfants atteints d&rsquo;autisme r\u00e9sidant dans la ville des Ulis et alentours. D\u00e9tours participe \u00e0 des activit\u00e9s de sensibilisation au handicap et propose des activit\u00e9s et sorties aux personnes avec autisme tout en incluant des personnes sans autisme dans un but d\u2019\u00e9change, de progr\u00e8s social [&hellip;]","og_url":"https:\/\/asso-detours91.fr\/index.php\/qui-sommes-nous\/","article_publisher":"https:\/\/www.facebook.com\/detours91","article_modified_time":"2025-09-05T11:47:14+00:00","twitter_card":"summary_large_image","twitter_misc":{"Dur\u00e9e de lecture estim\u00e9e":"1 minute"},"schema":{"@context":"https:\/\/schema.org","@graph":[{"@type":"WebPage","@id":"https:\/\/asso-detours91.fr\/index.php\/qui-sommes-nous\/","url":"https:\/\/asso-detours91.fr\/index.php\/qui-sommes-nous\/","name":"Qui sommes-nous? -","isPartOf":{"@id":"https:\/\/asso-detours91.fr\/#website"},"datePublished":"2025-09-05T11:47:13+00:00","dateModified":"2025-09-05T11:47:14+00:00","breadcrumb":{"@id":"https:\/\/asso-detours91.fr\/index.php\/qui-sommes-nous\/#breadcrumb"},"inLanguage":"fr-FR","potentialAction":[{"@type":"ReadAction","target":["https:\/\/asso-detours91.fr\/index.php\/qui-sommes-nous\/"]}]},{"@type":"BreadcrumbList","@id":"https:\/\/asso-detours91.fr\/index.php\/qui-sommes-nous\/#breadcrumb","itemListElement":[{"@type":"ListItem","position":1,"name":"Accueil","item":"https:\/\/asso-detours91.fr\/"},{"@type":"ListItem","position":2,"name":"Qui sommes-nous?"}]},{"@type":"WebSite","@id":"https:\/\/asso-detours91.fr\/#website","url":"https:\/\/asso-detours91.fr\/","name":"Association D\u00e9tours","description":"Faire des d\u00e9tours, changer de regard ...","publisher":{"@id":"https:\/\/asso-detours91.fr\/#organization"},"inLanguage":"fr-FR"},{"@type":"Organization","@id":"https:\/\/asso-detours91.fr\/#organization","name":"Association D\u00e9tours","url":"https:\/\/asso-detours91.fr\/","logo":{"@type":"ImageObject","inLanguage":"fr-FR","@id":"https:\/\/asso-detours91.fr\/#\/schema\/logo\/image\/","url":"https:\/\/asso-detours91.fr\/wp-content\/uploads\/2025\/10\/cropped-kids-5741934_960_720.png","contentUrl":"https:\/\/asso-detours91.fr\/wp-content\/uploads\/2025\/10\/cropped-kids-5741934_960_720.png","width":956,"height":580,"caption":"Association D\u00e9tours"},"image":{"@id":"https:\/\/asso-detours91.fr\/#\/schema\/logo\/image\/"},"sameAs":["https:\/\/www.facebook.com\/detours91"]}]}},"jetpack_sharing_enabled":true,"_links":{"self":[{"href":"https:\/\/asso-detours91.fr\/index.php\/wp-json\/wp\/v2\/pages\/212","targetHints":{"allow":["GET"]}}],"collection":[{"href":"https:\/\/asso-detours91.fr\/index.php\/wp-json\/wp\/v2\/pages"}],"about":[{"href":"https:\/\/asso-detours91.fr\/index.php\/wp-json\/wp\/v2\/types\/page"}],"author":[{"embeddable":true,"href":"https:\/\/asso-detours91.fr\/index.php\/wp-json\/wp\/v2\/users\/3"}],"replies":[{"embeddable":true,"href":"https:\/\/asso-detours91.fr\/index.php\/wp-json\/wp\/v2\/comments?post=212"}],"version-history":[{"count":1,"href":"https:\/\/asso-detours91.fr\/index.php\/wp-json\/wp\/v2\/pages\/212\/revisions"}],"predecessor-version":[{"id":214,"href":"https:\/\/asso-detours91.fr\/index.php\/wp-json\/wp\/v2\/pages\/212\/revisions\/214"}],"wp:attachment":[{"href":"https:\/\/asso-detours91.fr\/index.php\/wp-json\/wp\/v2\/media?parent=212"}],"curies":[{"name":"wp","href":"https:\/\/api.w.org\/{rel}","templated":true}]}}

<p><em>L&rsquo;association Détours a été créée en 2013, à l&rsquo;initiative de parents d&rsquo;enfants atteints d&rsquo;autisme résidant dans la ville des Ulis et alentours.</em></p>



<p><em>Détours participe à des activités de sensibilisation au handicap et propose des activités et sorties aux personnes avec autisme tout en incluant des personnes sans autisme dans un but d’échange, de progrès social et de soutien à la parentalité. Le parrainage du GEM témoigne de sa volonté de favoriser l’autodétermination des personnes.</em></p>



<p></p>

<p>L&rsquo;association Détours a été créée en 2013, à l&rsquo;initiative de parents d&rsquo;enfants atteints d&rsquo;autisme résidant dans la ville des Ulis et alentours. Détours participe à des activités de sensibilisation au handicap et propose des activités et sorties aux personnes avec autisme tout en incluant des personnes sans autisme dans un but d’échange, de progrès social [&hellip;]</p>

<!-- This site is optimized with the Yoast SEO plugin v27.4 - https://yoast.com/product/yoast-seo-wordpress/ -->
<title>Qui sommes-nous? -</title>
<meta name="robots" content="index, follow, max-snippet:-1, max-image-preview:large, max-video-preview:-1" />
<link rel="canonical" href="https://asso-detours91.fr/index.php/qui-sommes-nous/" />
<meta property="og:locale" content="fr_FR" />
<meta property="og:type" content="article" />
<meta property="og:title" content="Qui sommes-nous? -" />
<meta property="og:description" content="L&rsquo;association Détours a été créée en 2013, à l&rsquo;initiative de parents d&rsquo;enfants atteints d&rsquo;autisme résidant dans la ville des Ulis et alentours. Détours participe à des activités de sensibilisation au handicap et propose des activités et sorties aux personnes avec autisme tout en incluant des personnes sans autisme dans un but d’échange, de progrès social [&hellip;]" />
<meta property="og:url" content="https://asso-detours91.fr/index.php/qui-sommes-nous/" />
<meta property="article:publisher" content="https://www.facebook.com/detours91" />
<meta property="article:modified_time" content="2025-09-05T11:47:14+00:00" />
<meta name="twitter:card" content="summary_large_image" />
<meta name="twitter:label1" content="Durée de lecture estimée" />
	<meta name="twitter:data1" content="1 minute" />
<script type="application/ld+json" class="yoast-schema-graph">{"@context":"https:\/\/schema.org","@graph":[{"@type":"WebPage","@id":"https:\/\/asso-detours91.fr\/index.php\/qui-sommes-nous\/","url":"https:\/\/asso-detours91.fr\/index.php\/qui-sommes-nous\/","name":"Qui sommes-nous? -","isPartOf":{"@id":"https:\/\/asso-detours91.fr\/#website"},"datePublished":"2025-09-05T11:47:13+00:00","dateModified":"2025-09-05T11:47:14+00:00","breadcrumb":{"@id":"https:\/\/asso-detours91.fr\/index.php\/qui-sommes-nous\/#breadcrumb"},"inLanguage":"fr-FR","potentialAction":[{"@type":"ReadAction","target":["https:\/\/asso-detours91.fr\/index.php\/qui-sommes-nous\/"]}]},{"@type":"BreadcrumbList","@id":"https:\/\/asso-detours91.fr\/index.php\/qui-sommes-nous\/#breadcrumb","itemListElement":[{"@type":"ListItem","position":1,"name":"Accueil","item":"https:\/\/asso-detours91.fr\/"},{"@type":"ListItem","position":2,"name":"Qui sommes-nous?"}]},{"@type":"WebSite","@id":"https:\/\/asso-detours91.fr\/#website","url":"https:\/\/asso-detours91.fr\/","name":"Association Détours","description":"Faire des détours, changer de regard ...","publisher":{"@id":"https:\/\/asso-detours91.fr\/#organization"},"inLanguage":"fr-FR"},{"@type":"Organization","@id":"https:\/\/asso-detours91.fr\/#organization","name":"Association Détours","url":"https:\/\/asso-detours91.fr\/","logo":{"@type":"ImageObject","inLanguage":"fr-FR","@id":"https:\/\/asso-detours91.fr\/#\/schema\/logo\/image\/","url":"https:\/\/asso-detours91.fr\/wp-content\/uploads\/2025\/10\/cropped-kids-5741934_960_720.png","contentUrl":"https:\/\/asso-detours91.fr\/wp-content\/uploads\/2025\/10\/cropped-kids-5741934_960_720.png","width":956,"height":580,"caption":"Association Détours"},"image":{"@id":"https:\/\/asso-detours91.fr\/#\/schema\/logo\/image\/"},"sameAs":["https:\/\/www.facebook.com\/detours91"]}]}</script>
<!-- / Yoast SEO plugin. -->

L&rsquo;association Détours a été créée en 2013, à l&rsquo;initiative de parents d&rsquo;enfants atteints d&rsquo;autisme résidant dans la ville des Ulis et alentours. Détours participe à des activités de sensibilisation au handicap et propose des activités et sorties aux personnes avec autisme tout en incluant des personnes sans autisme dans un but d’échange, de progrès social [&hellip;]

Association Détours

Faire des détours, changer de regard ...
